{"id":43,"date":"2025-03-01T14:20:12","date_gmt":"2025-03-01T12:20:12","guid":{"rendered":"https:\/\/poreba.sokerisukka.fi\/?page_id=43"},"modified":"2026-02-23T00:00:22","modified_gmt":"2026-02-22T22:00:22","slug":"historia","status":"publish","type":"page","link":"https:\/\/reformaatiopaivat.porvoonreba.fi\/?page_id=43","title":{"rendered":"Historia"},"content":{"rendered":"\n<div class=\"wp-block-group alignfull has-accent-background-color has-background has-global-padding is-layout-constrained wp-container-core-group-is-layout-669513ed wp-block-group-is-layout-constrained\" style=\"margin-top:0;margin-bottom:0;padding-top:var(--wp--preset--spacing--50);padding-right:var(--wp--preset--spacing--50);padding-bottom:var(--wp--preset--spacing--50);padding-left:var(--wp--preset--spacing--50)\">\n<div class=\"wp-block-columns alignwide is-layout-flex wp-container-core-columns-is-layout-1da03c2a wp-block-columns-is-layout-flex\">\n<div class=\"wp-block-column is-vertically-aligned-stretch is-layout-flow wp-block-column-is-layout-flow\" style=\"flex-basis:50%\">\n<div class=\"wp-block-group is-vertical is-content-justification-stretch is-layout-flex wp-container-core-group-is-layout-444d5ee8 wp-block-group-is-layout-flex\" style=\"min-height:100%\">\n<p class=\"has-heading-font-family has-x-large-font-size wp-container-content-759e20a8\" style=\"line-height:1.2\">Mik\u00e4 reformaatiop\u00e4iv\u00e4t?<\/p>\n\n\n\n<p class=\"has-heading-font-family has-large-font-size wp-container-content-759e20a8\" style=\"line-height:1.2\">Porvoon reformaatiop\u00e4iv\u00e4t -nimi oli alkujaan ty\u00f6nimi tapahtumalle, jonka tarkoituksena oli koota yhteen kristittyj\u00e4&nbsp;kuulemaan Sanan opetusta, laulamaan yhdess\u00e4 ja kokemaan uskovien yhteytt\u00e4.&nbsp;<\/p>\n\n\n\n<p class=\"has-heading-font-family has-large-font-size wp-container-content-759e20a8\" style=\"line-height:1.2\">Nimi &#8221;paljastaa&#8221; my\u00f6s sen teologisen pohjan, josta opetus n\u00e4ill\u00e4 p\u00e4ivill\u00e4 kumpuaa.<br><br>L\u00e4ht\u00f6kohtamme opetukselle on:&nbsp;<em>meid\u00e4n ei tule tyyty\u00e4 vain toteamaan: \u201cRaamattu on tunnustuksemme\u201d, vaan olla valmiita n\u00e4kem\u00e4\u00e4n vaivaa, jotta jakaisimme ja esitt\u00e4isimme Jumalan sanaa oikein.&nbsp;<\/em><\/p>\n\n\n\n<p class=\"has-heading-font-family has-large-font-size wp-container-content-759e20a8\" style=\"line-height:1.2\">Tieto ja ymm\u00e4rrys reformoidusta teologiasta on Suomessa laajalti hyvin &#8221;hataralla&#8221; ja pahimmillaan t\u00e4ysin v\u00e4\u00e4r\u00e4ll\u00e4&nbsp;pohjalla. T\u00e4h\u00e4n Reformaatiop\u00e4iv\u00e4t haluaa omalta osaltaan tuoda oikeaa tietoa.<\/p>\n\n\n\n<p><a href=\"https:\/\/www.porvoonreba.fi\/\">Porvoon reformoitu baptistiseurakunta<\/a><\/p>\n<\/div>\n<\/div>\n\n\n\n<div class=\"wp-block-column is-vertically-aligned-center is-layout-flow wp-block-column-is-layout-flow\" style=\"flex-basis:50%\">\n<figure class=\"wp-block-image size-full\"><img loading=\"lazy\" decoding=\"async\" width=\"698\" height=\"489\" src=\"https:\/\/reformaatiopaivat.porvoonreba.fi\/wp-content\/uploads\/2025\/03\/reformaatiopaivat2024_02.jpg\" alt=\"\" class=\"wp-image-201\" srcset=\"https:\/\/reformaatiopaivat.porvoonreba.fi\/wp-content\/uploads\/2025\/03\/reformaatiopaivat2024_02.jpg 698w, https:\/\/reformaatiopaivat.porvoonreba.fi\/wp-content\/uploads\/2025\/03\/reformaatiopaivat2024_02-300x210.jpg 300w\" sizes=\"auto, (max-width: 698px) 100vw, 698px\" \/><\/figure>\n\n\n\n<figure class=\"wp-block-image size-full\"><img loading=\"lazy\" decoding=\"async\" width=\"692\" height=\"493\" src=\"https:\/\/reformaatiopaivat.porvoonreba.fi\/wp-content\/uploads\/2025\/03\/reformaatiopaivat2024_01.jpg\" alt=\"\" class=\"wp-image-199\" srcset=\"https:\/\/reformaatiopaivat.porvoonreba.fi\/wp-content\/uploads\/2025\/03\/reformaatiopaivat2024_01.jpg 692w, https:\/\/reformaatiopaivat.porvoonreba.fi\/wp-content\/uploads\/2025\/03\/reformaatiopaivat2024_01-300x214.jpg 300w\" sizes=\"auto, (max-width: 692px) 100vw, 692px\" \/><\/figure>\n<\/div>\n<\/div>\n<\/div>\n\n\n\n<div class=\"wp-block-group alignfull has-global-padding is-layout-constrained wp-block-group-is-layout-constrained\">\n<div class=\"wp-block-group alignfull has-global-padding is-layout-constrained wp-block-group-is-layout-constrained\">\n<div class=\"wp-block-group alignfull has-base-background-color has-background has-global-padding is-layout-constrained wp-container-core-group-is-layout-d89aad35 wp-block-group-is-layout-constrained\" style=\"margin-top:0;margin-bottom:0;padding-top:var(--wp--preset--spacing--50);padding-right:var(--wp--preset--spacing--50);padding-bottom:var(--wp--preset--spacing--50);padding-left:var(--wp--preset--spacing--50)\">\n<div class=\"wp-block-group alignwide has-global-padding is-layout-constrained wp-block-group-is-layout-constrained\">\n<div class=\"wp-block-columns alignwide is-layout-flex wp-container-core-columns-is-layout-549b0c86 wp-block-columns-is-layout-flex\">\n<div class=\"wp-block-column is-layout-flow wp-container-core-column-is-layout-119bc444 wp-block-column-is-layout-flow\" style=\"flex-basis:60%\">\n<p class=\"has-heading-font-family has-x-large-font-size\" style=\"line-height:1.2\">Tapahtumat<\/p>\n\n\n\n<div class=\"wp-block-columns is-layout-flex wp-container-core-columns-is-layout-87beb0d0 wp-block-columns-is-layout-flex\">\n<div class=\"wp-block-column is-layout-flow wp-block-column-is-layout-flow\">\n<p class=\"wp-container-content-9cfa9a5a\">Ensimm\u00e4inen tapahtuma, <em>Mit\u00e4 on reformoitu teologia<\/em>, j\u00e4rjestettiin lokakuussa 2021. Vuonna 2022 kev\u00e4\u00e4ll\u00e4 &nbsp;tapahtuman teemana oli <em>Kristuksen seurakunta<\/em> ja syksyll\u00e4 <em>T\u00e4yttyk\u00e4\u00e4 Hengell\u00e4<\/em>.&nbsp;<\/p>\n\n\n\n<p>Nelj\u00e4nnen reformaatiop\u00e4ivien teemana oli&nbsp;<em>Kaikkivaltias Jumala<\/em>.&nbsp;<\/p>\n\n\n\n<p>Syksyn 2023 p\u00e4ivien teemana oli&nbsp;<em>Olkaa pyh\u00e4t, sill\u00e4 Min\u00e4 olen pyh\u00e4<\/em>.&nbsp;<\/p>\n\n\n\n<p>J\u00e4rjestyksess\u00e4\u00e4n kuudennet reformaatiop\u00e4iv\u00e4t pidettiin 19-20. 4. 2024 , aiheena <em>Psalmit<\/em>.&nbsp;<\/p>\n\n\n\n<p>27-28.9.2024 reformaatiop\u00e4ivien teemana oli <em>Rukous<\/em>.<\/p>\n\n\n\n<p>Toukokuussa 2025 teemana oli <em>Maailmassa teill\u00e4 on ahdistus, mutta olkaa rohkeat, min\u00e4 olen voittanut maailman<\/em> ja syyskuussa samana vuonna <em>Pelastus &#8211; Kolmiyhteisen Jumalan ty\u00f6<\/em>.<\/p>\n\n\n\n<p><\/p>\n\n\n\n<p><\/p>\n<\/div>\n\n\n\n<div class=\"wp-block-column is-layout-flow wp-block-column-is-layout-flow\">\n<p>Aikaisempien tapahtumien opetukset l\u00f6ytyv\u00e4t t\u00e4\u00e4lt\u00e4:<\/p>\n\n\n\n<p><a href=\"https:\/\/www.youtube.com\/@armomedia1610\">https:\/\/www.youtube.com\/@armomedia1610<\/a><\/p>\n\n\n\n<p>&nbsp;<\/p>\n<\/div>\n<\/div>\n<\/div>\n<\/div>\n<\/div>\n<\/div>\n\n\n\n<div class=\"wp-block-group alignfull has-contrast-3-background-color has-background has-global-padding is-layout-constrained wp-container-core-group-is-layout-d89aad35 wp-block-group-is-layout-constrained\" style=\"margin-top:0;margin-bottom:0;padding-top:var(--wp--preset--spacing--50);padding-right:var(--wp--preset--spacing--50);padding-bottom:var(--wp--preset--spacing--50);padding-left:var(--wp--preset--spacing--50)\">\n<div class=\"wp-block-group alignwide has-global-padding is-layout-constrained wp-block-group-is-layout-constrained\"><\/div>\n\n\n\n<div class=\"wp-block-columns is-layout-flex wp-container-core-columns-is-layout-28f84493 wp-block-columns-is-layout-flex\">\n<div class=\"wp-block-column is-layout-flow wp-block-column-is-layout-flow\">\n<iframe loading=\"lazy\" width=\"560\" height=\"315\" src=\"https:\/\/www.youtube.com\/embed\/d9t-VIJz5dg?si=MAUg_SspSDhaJKbv\" title=\"YouTube video player\" frameborder=\"0\" allow=\"accelerometer; autoplay; clipboard-write; encrypted-media; gyroscope; picture-in-picture; web-share\" referrerpolicy=\"strict-origin-when-cross-origin\" allowfullscreen><\/iframe>\n<\/div>\n<\/div>\n<\/div>\n<\/div>\n<\/div>\n\n\n\n<p><\/p>\n","protected":false},"excerpt":{"rendered":"<p>Mik\u00e4 reformaatiop\u00e4iv\u00e4t? Porvoon reformaatiop\u00e4iv\u00e4t -nimi oli alkujaan ty\u00f6nimi tapahtumalle, jonka tarkoituksena oli koota yhteen kristittyj\u00e4&nbsp;kuulemaan Sanan opetusta, laulamaan yhdess\u00e4 ja kokemaan uskovien yhteytt\u00e4.&nbsp; Nimi &#8221;paljastaa&#8221; my\u00f6s sen teologisen pohjan, josta opetus n\u00e4ill\u00e4 p\u00e4ivill\u00e4 kumpuaa. L\u00e4ht\u00f6kohtamme opetukselle on:&nbsp;meid\u00e4n ei tule tyyty\u00e4 vain toteamaan: \u201cRaamattu on tunnustuksemme\u201d, vaan olla valmiita n\u00e4kem\u00e4\u00e4n vaivaa, jotta jakaisimme ja esitt\u00e4isimme Jumalan [&hellip;]<\/p>\n","protected":false},"author":1,"featured_media":0,"parent":0,"menu_order":0,"comment_status":"closed","ping_status":"closed","template":"","meta":{"footnotes":""},"class_list":["post-43","page","type-page","status-publish","hentry"],"_links":{"self":[{"href":"https:\/\/reformaatiopaivat.porvoonreba.fi\/index.php?rest_route=\/wp\/v2\/pages\/43","targetHints":{"allow":["GET"]}}],"collection":[{"href":"https:\/\/reformaatiopaivat.porvoonreba.fi\/index.php?rest_route=\/wp\/v2\/pages"}],"about":[{"href":"https:\/\/reformaatiopaivat.porvoonreba.fi\/index.php?rest_route=\/wp\/v2\/types\/page"}],"author":[{"embeddable":true,"href":"https:\/\/reformaatiopaivat.porvoonreba.fi\/index.php?rest_route=\/wp\/v2\/users\/1"}],"replies":[{"embeddable":true,"href":"https:\/\/reformaatiopaivat.porvoonreba.fi\/index.php?rest_route=%2Fwp%2Fv2%2Fcomments&post=43"}],"version-history":[{"count":27,"href":"https:\/\/reformaatiopaivat.porvoonreba.fi\/index.php?rest_route=\/wp\/v2\/pages\/43\/revisions"}],"predecessor-version":[{"id":421,"href":"https:\/\/reformaatiopaivat.porvoonreba.fi\/index.php?rest_route=\/wp\/v2\/pages\/43\/revisions\/421"}],"wp:attachment":[{"href":"https:\/\/reformaatiopaivat.porvoonreba.fi\/index.php?rest_route=%2Fwp%2Fv2%2Fmedia&parent=43"}],"curies":[{"name":"wp","href":"https:\/\/api.w.org\/{rel}","templated":true}]}}

<div class="wp-block-group alignfull has-accent-background-color has-background has-global-padding is-layout-constrained wp-container-core-group-is-layout-669513ed wp-block-group-is-layout-constrained" style="margin-top:0;margin-bottom:0;padding-top:var(--wp--preset--spacing--50);padding-right:var(--wp--preset--spacing--50);padding-bottom:var(--wp--preset--spacing--50);padding-left:var(--wp--preset--spacing--50)">
<div class="wp-block-columns alignwide is-layout-flex wp-container-core-columns-is-layout-1da03c2a wp-block-columns-is-layout-flex">
<div class="wp-block-column is-vertically-aligned-stretch is-layout-flow wp-block-column-is-layout-flow" style="flex-basis:50%">
<div class="wp-block-group is-vertical is-content-justification-stretch is-layout-flex wp-container-core-group-is-layout-444d5ee8 wp-block-group-is-layout-flex" style="min-height:100%">
<p class="has-heading-font-family has-x-large-font-size wp-container-content-759e20a8" style="line-height:1.2">Mikä reformaatiopäivät?</p>



<p class="has-heading-font-family has-large-font-size wp-container-content-759e20a8" style="line-height:1.2">Porvoon reformaatiopäivät -nimi oli alkujaan työnimi tapahtumalle, jonka tarkoituksena oli koota yhteen kristittyjä&nbsp;kuulemaan Sanan opetusta, laulamaan yhdessä ja kokemaan uskovien yhteyttä.&nbsp;</p>



<p class="has-heading-font-family has-large-font-size wp-container-content-759e20a8" style="line-height:1.2">Nimi &#8221;paljastaa&#8221; myös sen teologisen pohjan, josta opetus näillä päivillä kumpuaa.<br><br>Lähtökohtamme opetukselle on:&nbsp;<em>meidän ei tule tyytyä vain toteamaan: “Raamattu on tunnustuksemme”, vaan olla valmiita näkemään vaivaa, jotta jakaisimme ja esittäisimme Jumalan sanaa oikein.&nbsp;</em></p>



<p class="has-heading-font-family has-large-font-size wp-container-content-759e20a8" style="line-height:1.2">Tieto ja ymmärrys reformoidusta teologiasta on Suomessa laajalti hyvin &#8221;hataralla&#8221; ja pahimmillaan täysin väärällä&nbsp;pohjalla. Tähän Reformaatiopäivät haluaa omalta osaltaan tuoda oikeaa tietoa.</p>



<p><a href="https://www.porvoonreba.fi/">Porvoon reformoitu baptistiseurakunta</a></p>
</div>
</div>



<div class="wp-block-column is-vertically-aligned-center is-layout-flow wp-block-column-is-layout-flow" style="flex-basis:50%">
<figure class="wp-block-image size-full"><img loading="lazy" decoding="async" width="698" height="489" src="https://reformaatiopaivat.porvoonreba.fi/wp-content/uploads/2025/03/reformaatiopaivat2024_02.jpg" alt="" class="wp-image-201" srcset="https://reformaatiopaivat.porvoonreba.fi/wp-content/uploads/2025/03/reformaatiopaivat2024_02.jpg 698w, https://reformaatiopaivat.porvoonreba.fi/wp-content/uploads/2025/03/reformaatiopaivat2024_02-300x210.jpg 300w" sizes="auto, (max-width: 698px) 100vw, 698px" /></figure>



<figure class="wp-block-image size-full"><img loading="lazy" decoding="async" width="692" height="493" src="https://reformaatiopaivat.porvoonreba.fi/wp-content/uploads/2025/03/reformaatiopaivat2024_01.jpg" alt="" class="wp-image-199" srcset="https://reformaatiopaivat.porvoonreba.fi/wp-content/uploads/2025/03/reformaatiopaivat2024_01.jpg 692w, https://reformaatiopaivat.porvoonreba.fi/wp-content/uploads/2025/03/reformaatiopaivat2024_01-300x214.jpg 300w" sizes="auto, (max-width: 692px) 100vw, 692px" /></figure>
</div>
</div>
</div>



<div class="wp-block-group alignfull has-global-padding is-layout-constrained wp-block-group-is-layout-constrained">
<div class="wp-block-group alignfull has-global-padding is-layout-constrained wp-block-group-is-layout-constrained">
<div class="wp-block-group alignfull has-base-background-color has-background has-global-padding is-layout-constrained wp-container-core-group-is-layout-d89aad35 wp-block-group-is-layout-constrained" style="margin-top:0;margin-bottom:0;padding-top:var(--wp--preset--spacing--50);padding-right:var(--wp--preset--spacing--50);padding-bottom:var(--wp--preset--spacing--50);padding-left:var(--wp--preset--spacing--50)">
<div class="wp-block-group alignwide has-global-padding is-layout-constrained wp-block-group-is-layout-constrained">
<div class="wp-block-columns alignwide is-layout-flex wp-container-core-columns-is-layout-549b0c86 wp-block-columns-is-layout-flex">
<div class="wp-block-column is-layout-flow wp-container-core-column-is-layout-119bc444 wp-block-column-is-layout-flow" style="flex-basis:60%">
<p class="has-heading-font-family has-x-large-font-size" style="line-height:1.2">Tapahtumat</p>



<div class="wp-block-columns is-layout-flex wp-container-core-columns-is-layout-87beb0d0 wp-block-columns-is-layout-flex">
<div class="wp-block-column is-layout-flow wp-block-column-is-layout-flow">
<p class="wp-container-content-9cfa9a5a">Ensimmäinen tapahtuma, <em>Mitä on reformoitu teologia</em>, järjestettiin lokakuussa 2021. Vuonna 2022 keväällä &nbsp;tapahtuman teemana oli <em>Kristuksen seurakunta</em> ja syksyllä <em>Täyttykää Hengellä</em>.&nbsp;</p>



<p>Neljännen reformaatiopäivien teemana oli&nbsp;<em>Kaikkivaltias Jumala</em>.&nbsp;</p>



<p>Syksyn 2023 päivien teemana oli&nbsp;<em>Olkaa pyhät, sillä Minä olen pyhä</em>.&nbsp;</p>



<p>Järjestyksessään kuudennet reformaatiopäivät pidettiin 19-20. 4. 2024 , aiheena <em>Psalmit</em>.&nbsp;</p>



<p>27-28.9.2024 reformaatiopäivien teemana oli <em>Rukous</em>.</p>



<p>Toukokuussa 2025 teemana oli <em>Maailmassa teillä on ahdistus, mutta olkaa rohkeat, minä olen voittanut maailman</em> ja syyskuussa samana vuonna <em>Pelastus &#8211; Kolmiyhteisen Jumalan työ</em>.</p>



<p></p>



<p></p>
</div>



<div class="wp-block-column is-layout-flow wp-block-column-is-layout-flow">
<p>Aikaisempien tapahtumien opetukset löytyvät täältä:</p>



<p><a href="https://www.youtube.com/@armomedia1610">https://www.youtube.com/@armomedia1610</a></p>



<p>&nbsp;</p>
</div>
</div>
</div>
</div>
</div>
</div>



<div class="wp-block-group alignfull has-contrast-3-background-color has-background has-global-padding is-layout-constrained wp-container-core-group-is-layout-d89aad35 wp-block-group-is-layout-constrained" style="margin-top:0;margin-bottom:0;padding-top:var(--wp--preset--spacing--50);padding-right:var(--wp--preset--spacing--50);padding-bottom:var(--wp--preset--spacing--50);padding-left:var(--wp--preset--spacing--50)">
<div class="wp-block-group alignwide has-global-padding is-layout-constrained wp-block-group-is-layout-constrained"></div>



<div class="wp-block-columns is-layout-flex wp-container-core-columns-is-layout-28f84493 wp-block-columns-is-layout-flex">
<div class="wp-block-column is-layout-flow wp-block-column-is-layout-flow">
<iframe loading="lazy" width="560" height="315" src="https://www.youtube.com/embed/d9t-VIJz5dg?si=MAUg_SspSDhaJKbv" title="YouTube video player" frameborder="0" allow="accelerometer; autoplay; clipboard-write; encrypted-media; gyroscope; picture-in-picture; web-share" referrerpolicy="strict-origin-when-cross-origin" allowfullscreen></iframe>
</div>
</div>
</div>
</div>
</div>



<p></p>

<p>Mikä reformaatiopäivät? Porvoon reformaatiopäivät -nimi oli alkujaan työnimi tapahtumalle, jonka tarkoituksena oli koota yhteen kristittyjä&nbsp;kuulemaan Sanan opetusta, laulamaan yhdessä ja kokemaan uskovien yhteyttä.&nbsp; Nimi &#8221;paljastaa&#8221; myös sen teologisen pohjan, josta opetus näillä päivillä kumpuaa. Lähtökohtamme opetukselle on:&nbsp;meidän ei tule tyytyä vain toteamaan: “Raamattu on tunnustuksemme”, vaan olla valmiita näkemään vaivaa, jotta jakaisimme ja esittäisimme Jumalan [&hellip;]</p>
